 -5*c + w = 32, 0 = 3*c - 5*w + 4*w + 20. Let n(d) = -d + 1. Let g be n(-1). Is g*6/((-2)/21*c) a composite number?
True
Is (2/(-6))/(36/90 + 493942/(-1234830)) prime?
True
Let p = -90 - -130. Let l be (-139)/((-1 - -5)/p). Let c = 147 - l. Is c prime?
False
Suppose -10*s - 38*s - 139852 = -1091932. Is s a prime number?
False
Suppose 0 = 5*c - 5*r + 15, c - r - 15 = -6*r. Suppose c*x + 3*x - 24947 = 4*i, 5*x = -i + 41540. Suppose 10*t = 3*t + x. Is t a prime number?
True
Let a = 2568 - -80029. Is a a prime number?
False
Let n(k) = -7 - k + 22*k + 4 - 7. Suppose 0*x + 15 = 5*x. Is n(x) a prime number?
True
Let n be 13542/(-9) - (-8)/12. Let q(o) = -476*o - 21. Let l be q(6). Let j = n - l. Is j composite?
False
Suppose 92*s + 66761 = 95*s + 4*o, 0 = s + 5*o - 22261. Is s composite?
True
Let u(n) = 1314*n**2 + 88*n + 563. Is u(-6) composite?
False
Suppose -4*y - 392 = -4*a, 0 = -5*a + 6*a + 2*y - 101. Let b = 928 + a. Is b prime?
False
Let o(q) = 2604*q + 3499. Is o(17) a composite number?
True
Let g = 232839 + -29326. Is g composite?
True
Let g = -151 - -236. Let w = -54 + g. Let j = w + 96. Is j composite?
False
Let m(n) = -n**2 + 7*n - 10. Let k be m(5). Suppose 3*g = -5*j + 3943, 5*g - 6545 = -k*g - 3*j. Is g composite?
True
Suppose 154 = -6*s + 184. Suppose 6*n - 9*n - 4*d = -1329, s*d - 886 = -2*n. Is n a composite number?
False
Let r(y) = 7562*y**2 - 18*y + 30. Is r(7) a prime number?
False
Suppose -14*u - a = -9*u - 2332, 5*a + 15 = 0. Let h = 932 + u. Is h prime?
True
Suppose -66*q - 20*q + 9116 = 0. Let v = 545 - -82. Let w = v - q. Is w prime?
True
Suppose 2*g + 8 = -2*q, -3*q + 37 = -5*g + 9. Let i be 10/65 - g/(195/306). Is (5 + (-939)/12)/((-1)/i) prime?
False
Suppose -19*f + 18*f = -232. Suppose 0 = -235*d + f*d + 16917. Is d composite?
False
Suppose 4*o - 18822 = -5*h, 3347 + 1348 = o - 4*h. Is o composite?
False
Suppose 2*f = -5*f + 322. Let n = 46 - f. Suppose 2901 = 3*o + d - 3*d, n = -2*d. Is o prime?
True
Let n(b) = -b**3 - 65*b**2 - 60*b + 263. Let k be n(-64). Let j = 439 + -307. Suppose -k*r + 449 + j = 0. Is r composite?
False
Let l(m) = 3 + 2*m - 2 - 3*m. Let y be l(1). Suppose 5*q - 4*q - 2051 = y. Is q a prime number?
False
Suppose -2*x - 930414 = -4*i, -i + 37*x + 232626 = 32*x. Is i a prime number?
False
Let o = -106 - -141. Suppose o + 3 = 19*t. Suppose m - 3*n = t*n + 851, 4175 = 5*m - 5*n. Is m prime?
False
Suppose -w = -3 + 1. Let b(c) = 128*c**w + 6 - 1 + 4*c - 10*c**2. Is b(-1) composite?
True
Suppose 0 = 22*y - 21*y + 2. Let r be 12*(3 + y) + (-8)/2. Is -6*(-1 - 3140/r) composite?
True
Let m(a) = -a**3 - 3*a**2 + 19*a - 10. Let g(s) = 2*s**3 + 8*s**2 + 3*s + 3. Let c be g(-4). Let i be m(c). Let d = i + -190. Is d a prime number?
False
Let x(j) = -j**3 - 11*j**2 + 25*j - 10. Let a be x(-13). Is 1 + a + (731 - -34) composite?
False
Let z(b) = -201*b - 54. Let q be z(-12). Suppose q = -7*f + 11129. Is f prime?
False
Suppose -4*j + 890870 = 2*x, -3*j - 525077 = -2*x + 365765. Is x composite?
False
Is -11 - (-11675 - (-77)/(-11)) prime?
False
Is 7 + -33 + 12 + 43675 prime?
True
Let s = -193574 + 390955. Is s composite?
False
Suppose 0 = -17*k + 3490846 - 1022599. Is k a prime number?
False
Let d(z) = 741*z**2 + 104*z - 2260. Is d(27) a prime number?
False
Let s(i) = 29*i**2 + 3*i + 10. Let w be s(4). Suppose 6*r + 15 = 2*n + 3*r, -n - 10 = 2*r. Suppose -b = -y - w, n*b + 4*b + y - 1969 = 0. Is b prime?
True
Let c(w) = -40*w + 11*w + 2 + 14*w + 11484*w**2 + 12*w. Is c(1) composite?
False
Is (-1 - -2)*-1*(23 - (265398 + -30)) prime?
False
Suppose n - 2*n + 577 = 0. Suppose 0 = 4*m + 4*c - 744, 4*m - 5*c - n - 176 = 0. Is m composite?
True
Let g(v) be the third derivative of 5*v**4/24 + 5*v**3/2 + 13*v**2. Let j be g(-5). Is (j/(-20))/((-269)/(-134) + -2) a composite number?
False
Suppose 4*v - l - l = 6, -5*v = -4*l - 6. Suppose -2969 = v*p - 3*i, 2*p = i - 0*i - 2959. Let s = 3600 + p. Is s a composite number?
True
Let t be -3271 - (0/4)/(7 - 4). Let j = t + 8000. Is j composite?
False
Suppose 4 = -2*v, -2*q + 3*v = 5*v - 6708. Suppose 0 = -3*z + 8*z + g - q, 0 = 5*z - 3*g - 3352. Is z a prime number?
False
Suppose -4*j + 40 - 32 = 0. Is (-4 - -3967) + (j - -2) + 0 a prime number?
True
Let j be 2/11 - (-12)/(-66). Suppose 2*c + 5*c + 294 = j. Let w = -29 - c. Is w composite?
False
Suppose -3*i + 33801 = -32607. Suppose 178*x - 182*x + i = 0. Is x a composite number?
True
Suppose -1724415 - 5301928 - 3822057 = -400*j. Is j a prime number?
False
Let x(a) = -a**3 - 2*a**2 + 2*a - 1. Let t be x(-3). Suppose t*g + 2 - 6 = 0. Is (2091/2)/((-3)/(-1))*g composite?
True
Is (2064006/(-4))/(-3) - ((-76)/(-8) + -10) a composite number?
False
Suppose 453433 = 23*v - 10638. Is v a composite number?
False
Suppose -58955 = 5*t - 399120. Is t a composite number?
True
Let q(g) = 2*g**3 - 13*g**2 - 27*g - 521. Is q(68) composite?
True
Let l(g) be the second derivative of 17*g**4/4 - 3*g**3 - 19*g**2/2 - 2*g - 5. Is l(-8) a composite number?
False
Suppose 189 = 37*d - 34*d. Suppose 2*a = 11*a - d. Suppose -919 + 2956 = a*o. Is o composite?
True
Suppose -5*s + 2*d = -25118, 2*s - 4743 = 4*d + 5301. Suppose y = s + 143. Is y a prime number?
True
Let o(g) = -4*g + 76. Let y be o(18). Suppose 5*n = -s + 2646, -y*s + 10387 + 277 = 4*n. Is s a composite number?
False
Suppose 9*m - 4*m - 35 = 0. Suppose -3*r = -m*r - 3588. Let p = 668 - r. Is p composite?
True
Suppose -8*c + 28 + 60 = 0. Suppose 0 = 3*h + c + 1, -4*j + 724 = -3*h. Suppose -j = f - 2*f. Is f a prime number?
False
Let j(z) be the second derivative of 77*z**3/6 + 7*z**2/2 + 11*z. Let n be j(-21). Let i = 2517 + n. Is i a prime number?
True
Let n = 212083 - 108554. Is n composite?
False
Let l(p) = 17604*p**2 + 76*p - 349. Is l(5) a prime number?
True
Let c be (0/(2 + 0))/(3/(-3)). Let b(x) = x**3 + 2*x**2 + x + 14971. Is b(c) prime?
False
Suppose 28*t - 48 = 12*t. Suppose -3*n - t*u - 29816 = -7*n, -3*n + u = -22357. Is n composite?
False
Let m(o) = 81*o**2 + 2*o + 16. Let f(l) = -2*l**3 + 12*l**2 + 16*l - 17. Let n be f(7). Is m(n) a composite number?
False
Let q be (-36)/(-42)*(-28)/(-18)*3. Suppose -108 = -q*l - r, 0 = -r + 6*r + 20. Suppose -l*h = -30*h + 13258. Is h a prime number?
False
Suppose 9*d - 63 - 45 = 0. Let q(h) = 20*h + 13. Is q(d) composite?
True
Let m be (2 - (-15996)/(-21))*-14. Suppose -m = -11*l + 31131. Is l a composite number?
False
Suppose -4424652 = -160*m + 5005268. Is m prime?
True
Let b = 784 + 44445. Is b prime?
False
Let f(x) = 183*x**2 - 21*x + 41. Let i be (4 + -2)/(-7*7/(-294)). Is f(i) a composite number?
False
Let j(v) be the first derivative of 5*v**3/3 + 21*v**2 + 280*v - 71. Is j(-39) prime?
True
Let n(f) = -f - 2. Suppose 20*x = 6*x - 84. Let m be n(x). Suppose u - 1292 = -d, -m*u - 339 + 6800 = 5*d. Is d a composite number?
True
Let z(p) be the second derivative of 57/2*p**2 + 0 - 16*p - 19/6*p**3. Is z(-8) prime?
False
Let w(z) = 9*z**2 + 4*z + 3. Suppose 2*q + 3*m - 20 = -0, -2*q = -3*m + 4. Let y be w(q). Suppose y = 5*n - 282. Is n a composite number?
False
Let v = -188228 + 291615. Is v a prime number?
True
Let c be (32/(-10))/(24/(-420)). Let x = -4 + c. Let j = x - -75. Is j a prime number?
True
Suppose -2*z + 116122 = 3*b, -3*z + 4*b + 53312 + 120905 = 0. Is z a composite number?
False
Let m = 62777 - 32338. Is m a composite number?
True
Is (5/((-50)/(-14)))/(14/4279870) prime?
False
Let r be 2 - (-2 - 0) - (-70 - 2). Suppose 14*j = r + 288. Suppose j*a - 30*a + 356 = 0. Is a composite?
False
Suppose 14*s - 147*s + 79659906 = -20667979. Is s prime?
False
Let s(k) = 229*k**2 + 22*k + 96. Is s(-5) a prime number?
True
Let a = 289639 + 57658. Is a composite?
False
Let r(f) = 11*f**3 - 16*f**2 + 4*f - 27. Let b(i) = i**3 + 11*i**2 + 7*i - 19. Let x be b(-10). Let k be r(x). Is k/(-8)*-1 - 27/(-36) a composite number?
True
Suppose 20*c + 407 = -313. Is (2874/4)/(c/(-48)) a composite number?
True
Suppose 0 = -g - y + 62461, -18*y + 312301 = 5*g - 15*y. Is g a prime number?
True
Let b = 233 + -212. Let a(h) = 2*h**3 - 29*h**2 - 44*h - 52. Is a(b) prime?
False
Suppose 5*g + 17109 = 177*l - 175*l, -4*g = 3*l - 25606. Is l a composite number?
True
Suppose -28 - 58 = -z. Let r = 83 - z. Let u(l) = 46*l**2 + 10*l + 5. Is u(r) prime?
Tru